{"version":"1.0","provider_name":"El Blog de MNK Villas","provider_url":"https://www.mnkvillas.com/blog","title":"Fiestas de Menorca: un verano a caballo - El Blog de MNK Villas","type":"rich","width":600,"height":338,"html":"<blockquote class=\"wp-embedded-content\" data-secret=\"JhfDxBqSRt\"><a href=\"https://www.mnkvillas.com/blog\/fiestas-de-menorca\">Fiestas de Menorca: un verano a caballo<\/a><\/blockquote><iframe sandbox=\"allow-scripts\" security=\"restricted\" src=\"https://www.mnkvillas.com/blog\/fiestas-de-menorca\/embed#?secret=JhfDxBqSRt\" width=\"600\" height=\"338\" title=\"\u00abFiestas de Menorca: un verano a caballo\u00bb \u2014 El Blog de MNK Villas\" data-secret=\"JhfDxBqSRt\" frameborder=\"0\" marginwidth=\"0\" marginheight=\"0\" scrolling=\"no\" class=\"wp-embedded-content\"><\/iframe><script type=\"text\/javascript\">\n\/* <![CDATA[ *\/\n\/*! This file is auto-generated *\/\n!function(d,l){\"use strict\";l.querySelector&&d.addEventListener&&\"undefined\"!=typeof URL&&(d.wp=d.wp||{},d.wp.receiveEmbedMessage||(d.wp.receiveEmbedMessage=function(e){var t=e.data;if((t||t.secret||t.message||t.value)&&!\/[^a-zA-Z0-9]\/.test(t.secret)){for(var s,r,n,a=l.querySelectorAll('iframe[data-secret=\"'+t.secret+'\"]'),o=l.querySelectorAll('blockquote[data-secret=\"'+t.secret+'\"]'),c=new RegExp(\"^https?:$\",\"i\"),i=0;i<o.length;i++)o[i].style.display=\"none\";for(i=0;i<a.length;i++)s=a[i],e.source===s.contentWindow&&(s.removeAttribute(\"style\"),\"height\"===t.message?(1e3<(r=parseInt(t.value,10))?r=1e3:~~r<200&&(r=200),s.height=r):\"link\"===t.message&&(r=new URL(s.getAttribute(\"src\")),n=new URL(t.value),c.test(n.protocol))&&n.host===r.host&&l.activeElement===s&&(d.top.location.href=t.value))}},d.addEventListener(\"message\",d.wp.receiveEmbedMessage,!1),l.addEventListener(\"DOMContentLoaded\",function(){for(var e,t,s=l.querySelectorAll(\"iframe.wp-embedded-content\"),r=0;r<s.length;r++)(t=(e=s[r]).getAttribute(\"data-secret\"))||(t=Math.random().toString(36).substring(2,12),e.src+=\"#?secret=\"+t,e.setAttribute(\"data-secret\",t)),e.contentWindow.postMessage({message:\"ready\",secret:t},\"*\")},!1)))}(window,document);\n\/\/# sourceURL=https://www.mnkvillas.com/blog\/wp-includes\/js\/wp-embed.min.js\n\/* ]]> *\/\n<\/script>\n","thumbnail_url":"https://www.mnkvillas.com/blog\/wp-content\/uploads\/2019\/04\/fiestas-de-Menorca.jpg","thumbnail_width":840,"thumbnail_height":389,"description":"Las fiestas de Menorca se constituyen como uno de los principales reclamos tur\u00edsticos y locales de las Islas Baleares y de muchos lugares m\u00e1s. As\u00ed pues, sobre todo en verano, se suceden un sinf\u00edn de festejos que hacen de las fiestas de Menorca un atractivo para toda aquella escapada cultural que se quiera hacer en ... Continuar"}

Las fiestas de Menorca se constituyen como uno de los principales reclamos turísticos y locales de las Islas Baleares y de muchos lugares más. Así pues, sobre todo en verano, se suceden un sinfín de festejos que hacen de las fiestas de Menorca un atractivo para toda aquella escapada cultural que se quiera hacer en ... Continuar
